+ 378 = 2362. Calculate the remainder when v is divided by h(-2).
12
Let b be 9/2*5*2/3. Suppose -4*f = -3*f - b. What is the remainder when 45 is divided by f?
0
Suppose 6*t + 2131 = 745. Let j = 251 + t. What is the remainder when 110 is divided by j?
10
What is the remainder when 3/(-2)*(-46)/(-69)*-490 is divided by 91?
35
Let t(u) = -8*u - 1. Let d be t(-11). Suppose -10*n = -1187 + d. Calculate the remainder when n - (-3 - (-5 + 0)) is divided by 22.
20
Let n(j) = -12*j. Let x(m) = -m**3 - 72*m**2 + 55*m - 1310. What is the remainder when n(-2) is divided by x(-73)?
0
Suppose 186*i - 4798 = 29984. Calculate the remainder when 4672 is divided by i.
184
Suppose 109*p - 18094 = 5*p - 5*p. Let w(i) = -27*i + 1. What is the remainder when p is divided by w(-1)?
26
Suppose -4*v + 332 = -5*o, -5*v + 24*o = 25*o - 444. Suppose v*k = 87*k + 10. What is the remainder when 229 is divided by k?
9
Suppose 375*b = 319*b + 4368. What is the remainder when 1238 is divided by b?
68
Let n = -359 - -296. Calculate the remainder when 22 is divided by n/18*(-1 + 10/(-14)).
4
Let c(j) = 22*j + 114. Let g be c(-13). Let m = g + 206. What is the remainder when 131 is divided by m?
29
Suppose -7419*w + 109956 = -7385*w. Calculate the remainder when w is divided by 462.
0
Suppose -v + 5*o + 56 = 0, 0 = -2715*v + 2718*v - 5*o - 178. Calculate the remainder when 95 is divided by v.
34
Let x = -214 - -212. Calculate the remainder when (x/(-3))/((-10)/21825*-5) is divided by 74.
69
Let j(q) = -2*q**3 - q**2 - q + 5. Let l be j(0). Suppose -l*h + 182 = 37. What is the remainder when 110 is divided by h?
23
Let s be (-57)/(-12) + -5 + (-1642)/(-8). Suppose 3*q - a + 63 = 4*q, -3*q = -5*a - s. Calculate the remainder when q is divided by 14.
9
Suppose 18342 = 54*d + 6318 - 17244. What is the remainder when d is divided by 139?
125
What is the remainder when 150 is divided by 7670/55 + (-54)/(-99)?
10
Let z(f) = f**2 + 3*f - 108. Let v be z(9). Suppose -w - 3 = 5*n - 64, v = -5*n + w + 69. Let s(r) = 3*r - 2. Calculate the remainder when n is divided by s(2).
1
Let w be -1 + -3*1*-19. Suppose -41 = 244*x - 243*x. Let f = w + x. Calculate the remainder when 42 is divided by f.
12
Suppose -4*r - 44 = 4*j - 400, 3*r - 4*j - 260 = 0. Suppose 0 = 11*p - 10*p - r. What is the remainder when 438 is divided by p?
86
Let x = 81 - 49. Calculate the remainder when x is divided by 10/35*(228/(-266) - (-257)/14).
2
Let h = 297 - 289. What is the remainder when ((-112)/h)/(4/(-34)) is divided by 12?
11
Suppose 0 = -158*z + 150*z + 1776. Suppose -292*n + 298*n = z. What is the remainder when n is divided by 7?
2
Let q = 65 - 62. Suppose -k + 27 = -a, 2*a = q*k - 6 - 51. What is the remainder when 54 is divided by (-6)/4 - 396/a?
9
Suppose -10010*g = -10012*g + 186. Calculate the remainder when 94 is divided by g.
1
Let l = -244 - 26. Let u = 272 + l. Calculate the remainder when 5 is divided by u.
1
Suppose 4*f + q - 2 = 10, 4*f = 4*q - 8. Suppose -l - f*i - 182 = -4*l, -i = -5. Calculate the remainder when 124 is divided by l.
60
Let g(i) = -79*i - 5. Let f = -157 - -155. What is the remainder when g(f) is divided by (-4)/(-18) - 1590/(-135)?
9
Let w = -67 - -63. Let h(m) = 26*m + 132. Calculate the remainder when 42 is divided by h(w).
14
Suppose -5*u = -2*z - 98, -51 = u - 5*z - 112. What is the remainder when 1289 is divided by u?
9
Let w = 48 - 36. Suppose -4*n + 4*c = -w - 8, -4*n + 3*c = -18. Suppose -n*y - 9 = -2*v - 0*y, 4*v = 3*y + 21. What is the remainder when 53 is divided by v?
5
Suppose -5*y = -2*r - 30, -5*r = -3*y + 32 + 43. Let o(j) = -6*j + 2. What is the remainder when r/18*(-14)/35*357 is divided by o(-3)?
19
Let r = 479 - 302. Suppose -26*n + 967 + r = 0. Calculate the remainder when 85 is divided by n.
41
Suppose 12*f - 8*f = 5*z - 74, -5*f + 23 = 2*z. What is the remainder when 571 is divided by z?
11
Suppose 4*o - t = -61, -5*t - 83 = 5*o - 4*t. Let c = o - -23. Let n = 230 + -182. Calculate the remainder when n is divided by c.
6
Let v(f) = 8*f**2 - 7*f + 3. Let m be v(3). Let t = 51 - m. What is the remainder when t/(36/(-28))*27 is divided by 13?
11
Suppose 3*p - 3*u - 24 = 24, 64 = 7*p + 5*u. Let s be (-6)/8 + (-78)/(-8). What is the remainder when (30/s)/((-4)/(-54)) is divided by p?
9
Let r(h) = 3*h**2 - 48*h - 40. Let q(l) = l**2 + 8. Let u be q(3). What is the remainder when 53 is divided by r(u)?
9
Let s(i) = -i**3 + 19*i**2 - 20*i + 41. Let g be s(18). Let y = 44 - g. What is the remainder when 68 is divided by y?
29
Suppose -2*l + 8 = -2*h, 0 = -4*l + 12 + 8. Let j be 3 + (h + 0)*(7 - 64). Let g = j + 66. Calculate the remainder when g is divided by 5.
2
Suppose 6 = 2*a, -2*o - 2*o - 2*a = -18. Let c = -118 + 238. Suppose -o*b + c = b. What is the remainder when b is divided by 16?
14
Let h(q) = 68*q - 3651. Calculate the remainder when h(64) is divided by 46.
11
Suppose -5*i - 380 = x - 614, -5*i + 990 = 5*x. Suppose 5*o - 9 = 11, 0 = 3*p + 4*o + 239. Let s = -47 - p. What is the remainder when x is divided by s?
37
Suppose 0 = 26*o + 83*o - 27141. Calculate the remainder when o is divided by 121.
7
Suppose 18*q = -5*q + 88665. What is the remainder when q/20*(-8)/(-6) is divided by 7?
5
Suppose -1991 = -3*y - 1928. What is the remainder when 459 is divided by y?
18
Let s = -7172 - -7197. Calculate the remainder when 847 is divided by s.
22
Let r = -36006 + 36125. What is the remainder when 1151 is divided by r?
80
Let s be (0 - 6)*4/12. Suppose 0 = 3*y + 5*v - 7, -1 = 3*y + 4*v - 6. What is the remainder when 142 is divided by (-38)/(y/1) + s?
34
Let r = 796 + -379. Suppose 649 = 13*y - r. Calculate the remainder when y is divided by 42.
40
Let u(t) = 3*t**2 + 17*t + 6. Let r(s) = 2*s. Let b(g) = -5*r(g) + u(g). Calculate the remainder when 127 is divided by b(-4).
23
Suppose -54*c + 40*c = 62*c - 1235076. Calculate the remainder when c is divided by 258.
255
Let g = 81 - 47. Suppose -g + 6 = -4*j. Calculate the remainder when ((-1)/(-1))/(-1)*(-15 + -4) is divided by j.
5
Suppose 5*v - 893 = -708. Calculate the remainder when v is divided by 9.
1
Let m = -16487 - -16606. What is the remainder when 541 is divided by m?
65
Let c be 131/4 - (-6)/24. Suppose 0 = 38*f - c*f - 300. Suppose 4*k + k - f = 0. Calculate the remainder when k is divided by 2.
0
Suppose 0 = 3*t + 12, -7*t + 2*t + 235 = -5*u. Let b = u + 100. Let f = b - 18. What is the remainder when 120 is divided by f?
27
Suppose -5*u = 2 + 13, 3*u - 6 = -3*p. What is the remainder when (-18)/(-6) - (-2 + -79) is divided by p?
4
Suppose -n = -3*s + 227 + 175, -120 = -s + 5*n. What is the remainder when s is divided by 18?
9
Let o(r) = 2*r**3 + 35*r**2 - 751*r + 29. Suppose 223 = w + 48. Calculate the remainder when w is divided by o(-30).
57
Suppose -8690*y + 8672*y = -24858 + 7830. Calculate the remainder when y is divided by 12.
10
Let m = 9 - 2. Let w(k) = 2*k**2 + 136*k + 1088. Calculate the remainder when w(-9) is divided by m.
5
Suppose 0 = -l + 6*l - 135. Suppose 58 = 4*u - 2*q, 2*u + 2*q - 9 = 29. Let b = 89 + u. What is the remainder when b is divided by l?
24
Let t = -156 + 374. Suppose -5*q + 4*q = 2*p - 123, t = 2*q - 3*p. Suppose 5*m + g + g = q, 0 = 4*m + 2*g - 90. What is the remainder when 147 is divided by m?
22
Let f = -1526 - -1672. Calculate the remainder when f is divided by 65.
16
Suppose 259*l - 7175 - 2667 = 0. Suppose 4*h - 2*o - 30 = 0, 5*h - 27 = 5*o + 3. What is the remainder when (12/5)/(h/420) is divided by l?
36
Let f(i) = 3*i**3 - 21*i**2 + 8*i + 4. Calculate the remainder when f(7) is divided by 34.
26
Suppose 5*g - 3*b + 0*b = 242, 95 = 2*g - 3*b. Suppose 0 = -g*r + 52*r + 15. Let s = r + 23. Calculate the remainder when 67 is divided by s.
13
Suppose -5*n + 858 = 6*v - 5180, 5*v = 2*n + 5007. What is the remainder when v is divided by 195?
28
Let m = -13 - -18. Let n(c) = c**3 - 2*c**2 - 4*c + 5. Let h be n(2). Calculate the remainder when (-1335)/(-45) + 2/h is divided by m.
4
Suppose 0 = 3*a - a - 14. Suppose -3*o + k + 32 = 0, -k - 56 = -3*o - 6*k. What is the remainder when o is divided by 0 + (-4)/((-4)/a)?
5
Suppose 2*f - 6*f + 1440 = 6*f. What is the remainder when 14972 is divided by f?
140
Suppose -3*s = s + 2*t - 62, -2*s + 3*t = -27. Suppose